{"version":"1.0","provider_name":"Judo Pro League","provider_url":"https:\/\/judoproleague.com\/en","author_name":"Alan GAUDEFROY","author_url":"https:\/\/judoproleague.com\/en\/author\/alanjpl\/","title":"Dojo Nantais, cap \u00e0 l\u2019Ouest - Judo Pro League","type":"rich","width":600,"height":338,"html":"<blockquote class=\"wp-embedded-content\" data-secret=\"X9NKeIzjTQ\"><a href=\"https:\/\/judoproleague.com\/en\/dojo-nantais-cap-a-louest\/\">Dojo Nantais, heading west<\/a><\/blockquote><iframe sandbox=\"allow-scripts\" security=\"restricted\" src=\"https:\/\/judoproleague.com\/en\/dojo-nantais-cap-a-louest\/embed\/#?secret=X9NKeIzjTQ\" width=\"600\" height=\"338\" title=\"&#8220;Dojo Nantais, cap \u00e0 l\u2019Ouest&#8221; &#8212; Judo Pro League\" data-secret=\"X9NKeIzjTQ\" frameborder=\"0\" marginwidth=\"0\" marginheight=\"0\" scrolling=\"no\" class=\"wp-embedded-content\"><\/iframe><script>\n\/*! This file is auto-generated *\/\n!function(d,l){\"use strict\";l.querySelector&&d.addEventListener&&\"undefined\"!=typeof URL&&(d.wp=d.wp||{},d.wp.receiveEmbedMessage||(d.wp.receiveEmbedMessage=function(e){var t=e.data;if((t||t.secret||t.message||t.value)&&!\/[^a-zA-Z0-9]\/.test(t.secret)){for(var s,r,n,a=l.querySelectorAll('iframe[data-secret=\"'+t.secret+'\"]'),o=l.querySelectorAll('blockquote[data-secret=\"'+t.secret+'\"]'),c=new RegExp(\"^https?:$\",\"i\"),i=0;i<o.length;i++)o[i].style.display=\"none\";for(i=0;i<a.length;i++)s=a[i],e.source===s.contentWindow&&(s.removeAttribute(\"style\"),\"height\"===t.message?(1e3<(r=parseInt(t.value,10))?r=1e3:~~r<200&&(r=200),s.height=r):\"link\"===t.message&&(r=new URL(s.getAttribute(\"src\")),n=new URL(t.value),c.test(n.protocol))&&n.host===r.host&&l.activeElement===s&&(d.top.location.href=t.value))}},d.addEventListener(\"message\",d.wp.receiveEmbedMessage,!1),l.addEventListener(\"DOMContentLoaded\",function(){for(var e,t,s=l.querySelectorAll(\"iframe.wp-embedded-content\"),r=0;r<s.length;r++)(t=(e=s[r]).getAttribute(\"data-secret\"))||(t=Math.random().toString(36).substring(2,12),e.src+=\"#?secret=\"+t,e.setAttribute(\"data-secret\",t)),e.contentWindow.postMessage({message:\"ready\",secret:t},\"*\")},!1)))}(window,document);\n\/\/# sourceURL=https:\/\/judoproleague.com\/wp-includes\/js\/wp-embed.min.js\n<\/script>","thumbnail_url":"https:\/\/judoproleague.com\/wp-content\/uploads\/2025\/11\/Capture-decran-2025-11-20-a-11.02.55.png","thumbnail_width":1034,"thumbnail_height":635,"description":"Pr\u00e9sent depuis la premi\u00e8re \u00e9dition de la Judo Pro League en 2022, le Dojo Nantais\u00a0s\u2019est montr\u00e9 fid\u00e8le \u00e0 l\u2019\u00e9preuve cette saison malgr\u00e9 une nouvelle \u00e8re\u00a0lanc\u00e9e avec l\u2019arriv\u00e9e d\u2019Adrien Leli\u00e8vre comme directeur technique\u00a0cet \u00e9t\u00e9,\u00a0et l\u2019\u00e9lection de Thierry De La Fourni\u00e8re \u00e0 la pr\u00e9sidence en tout d\u00e9but de saison.\u00a0\u00ab\u202fNous avons beau \u00eatre en pleine reconstruction, notre engagement [&hellip;]"}

Dojo Nantais, cap à l’Ouest - Judo Pro League

<blockquote class="wp-embedded-content" data-secret="X9NKeIzjTQ"><a href="https://judoproleague.com/en/dojo-nantais-cap-a-louest/">Dojo Nantais, heading west</a></blockquote><iframe sandbox="allow-scripts" security="restricted" src="https://judoproleague.com/en/dojo-nantais-cap-a-louest/embed/#?secret=X9NKeIzjTQ" width="600" height="338" title="&#8220;Dojo Nantais, cap à l’Ouest&#8221; &#8212; Judo Pro League" data-secret="X9NKeIzjTQ" frameborder="0" marginwidth="0" marginheight="0" scrolling="no" class="wp-embedded-content"></iframe><script>
/*! This file is auto-generated */
!function(d,l){"use strict";l.querySelector&&d.addEventListener&&"undefined"!=typeof URL&&(d.wp=d.wp||{},d.wp.receiveEmbedMessage||(d.wp.receiveEmbedMessage=function(e){var t=e.data;if((t||t.secret||t.message||t.value)&&!/[^a-zA-Z0-9]/.test(t.secret)){for(var s,r,n,a=l.querySelectorAll('iframe[data-secret="'+t.secret+'"]'),o=l.querySelectorAll('blockquote[data-secret="'+t.secret+'"]'),c=new RegExp("^https?:$","i"),i=0;i<o.length;i++)o[i].style.display="none";for(i=0;i<a.length;i++)s=a[i],e.source===s.contentWindow&&(s.removeAttribute("style"),"height"===t.message?(1e3<(r=parseInt(t.value,10))?r=1e3:~~r<200&&(r=200),s.height=r):"link"===t.message&&(r=new URL(s.getAttribute("src")),n=new URL(t.value),c.test(n.protocol))&&n.host===r.host&&l.activeElement===s&&(d.top.location.href=t.value))}},d.addEventListener("message",d.wp.receiveEmbedMessage,!1),l.addEventListener("DOMContentLoaded",function(){for(var e,t,s=l.querySelectorAll("iframe.wp-embedded-content"),r=0;r<s.length;r++)(t=(e=s[r]).getAttribute("data-secret"))||(t=Math.random().toString(36).substring(2,12),e.src+="#?secret="+t,e.setAttribute("data-secret",t)),e.contentWindow.postMessage({message:"ready",secret:t},"*")},!1)))}(window,document);
//# sourceURL=https://judoproleague.com/wp-includes/js/wp-embed.min.js
</script>

Présent depuis la première édition de la Judo Pro League en 2022, le Dojo Nantais s’est montré fidèle à l’épreuve cette saison malgré une nouvelle ère lancée avec l’arrivée d’Adrien Lelièvre comme directeur technique cet été, et l’élection de Thierry De La Fournière à la présidence en tout début de saison. « Nous avons beau être en pleine reconstruction, notre engagement [&hellip;]
